third derivative of d(h). What is x(t)?
2
Let q(c) = -c**2 - 7*c + 4. Let j be q(-6). Let l = -12 + j. Let h(y) = -2*y. Calculate h(l).
4
Suppose 0 = -5*k + 36 + 9. Suppose 2*m + 0 = -4*b + 10, -5*m + k = 2*b. Let c(h) = 3*h**3 + 1. Determine c(m).
4
Suppose -3 = -5*b + 2. Let o be ((-1)/(3 - 2))/b. Let z(k) be the first derivative of k**4 - k**3/3 - k**2/2 - 16. Give z(o).
-4
Let v(q) be the third derivative of -q**8/20160 - q**7/5040 + 7*q**5/60 - 2*q**2. Let r(d) be the third derivative of v(d). Suppose 0 = y - 0 - 3. Give r(y).
-12
Let u = 0 + -2. Let g = u + 0. Let a(l) = 2 + 0 - 34*l + 38*l. Determine a(g).
-6
Let b = -4 + 6. Let g(d) = 4*d + 0*d**2 + 1 + b*d**2 - 3*d**2. Calculate g(2).
5
Let y(o) be the second derivative of -o**4/12 + 5*o**3/6 - 3*o**2/2 - 2*o + 3. Determine y(3).
3
Let s(u) = u**2 - 5*u + 1. Suppose -y - 5 = -2*y. Let k be s(y). Let w(q) = 0 + 7*q + 1 + q. Determine w(k).
9
Let x(n) = -n**3 - n**2 + n - 1. Suppose 0 = -3*u + 8*u - 30. Suppose o = -2*j - o, -4*o = j - u. Calculate x(j).
1
Let y(n) = 13*n + 7. Let t(w) = -6*w - 4. Let o(u) = -5*t(u) - 3*y(u). Suppose -4*q + 5*q - 1 = 0. Calculate o(q).
-10
Let u(m) = -5*m**3 - 11*m**2 + 8*m + 4. Let b(s) = 4*s**3 + 10*s**2 - 8*s - 4. Let h(i) = 4*b(i) + 3*u(i). Calculate h(-8).
-4
Let q(w) be the first derivative of -w**4/4 - 2*w**3 - 3*w**2 - 5*w - 16. Give q(-5).
0
Let s(l) = -5*l - 2*l**2 - 2 - l**2 + 4*l**2. Determine s(3).
-8
Let v(d) be the second derivative of d**5/20 + 5*d**4/12 + 2*d**3/3 - 3*d**2/2 - 29*d. What is v(-5)?
-23
Let j(y) = 3 - y**3 + 8*y**2 + 0*y**3 - y - 7*y. Let k be (3/4)/(33/308). Give j(k).
-4
Let w be 61/(-5) - (-2)/10. Let m = 13 + w. Let o(a) = -4*a**2 - 1. Determine o(m).
-5
Let b(h) = -2*h - 4. Suppose -5*f + 13 = -t, f + 2*f = 4*t + 1. Suppose 0*y = t*y + 12. What is b(y)?
8
Let n(x) = 6*x + x**3 + x**3 - 9*x - 5*x**2 - 3 - 3*x**3. Suppose -28 + 3 = -5*m. Suppose m*j - s = -2 - 4, -2*j + 2*s + 4 = 0. Calculate n(j).
-9
Let f(h) = -h**2 - 7*h - 7. Suppose -85*x + 21 = -88*x. Calculate f(x).
-7
Let o(d) = -2*d**2. Let g = 32 + -34. Give o(g).
-8
Let z(w) be the first derivative of w**4/4 - w**2 - 2*w + 1. Suppose -2*q = 4*n + 2, 0*n - 4*q = 3*n - 6. Give z(n).
-6
Let r(q) = -1. Let k(p) = p - 6. Let b(j) = -k(j) + 5*r(j). Suppose 350 = 6*m - m. Let z be 6/36 - m/(-12). Calculate b(z).
-5
Let c(l) = 4*l**2 + 3*l. Let d = 12 - 14. Give c(d).
10
Let o(h) = -h**2 - h - 2. Let z = 6 + -1. Suppose -z*r - 11 = 9. Let k be 2 + (5 - 3) + r. Calculate o(k).
-2
Let n be (9 - 9)*(-2)/4. Let w(a) = -6 + 2*a + n*a + 10. Suppose 10 = k + 2*x + 4, 4*k - 13 = 3*x. Calculate w(k).
12
Suppose 38 = -11*r - 28. Let s(x) = -x - 7. What is s(r)?
-1
Let n(r) = -2*r - 3. Let a be 36*3/(-6)*-1. Suppose 4*y - 5*l = -3*l - a, -3*l = 3*y + 18. Give n(y).
7
Let n(p) be the first derivative of -p**3/3 - 3*p**2/2 - 2*p - 6. Determine n(-2).
0
Let k(m) = m - 8. Let y(f) = f**3 + 5*f**2 - 7*f - 29. Let o be y(-5). Determine k(o).
-2
Let k(r) = 5*r**3 - 6*r**2 - r + 10. Let w(n) = -4*n**3 + 5*n**2 + n - 11. Let v(f) = -5*k(f) - 6*w(f). Calculate v(0).
16
Suppose 3*x + 13 = 46. Let f = 5 - x. Let r = -3 - f. Let k(h) = -2*h**2 + 4*h + 1. What is k(r)?
-5
Let h = 6 + -3. Let k(n) = -1 - 3*n**2 + 0 + 0*n**3 + 3*n - n**h. Let v be ((-9)/6)/((-3)/(-8)). What is k(v)?
3
Let u(m) = -5*m**3 - 12*m + 3. Let y(x) = 6*x**3 + x**2 + 13*x - 4. Let h(v) = 7*u(v) + 6*y(v). What is h(-7)?
-10
Let y = -1 - -2. Let j(o) be the second derivative of -o**5/12 + o**4/24 - 3*o**2/2 + 3*o. Let i(s) be the first derivative of j(s). What is i(y)?
-4
Let l(g) = -g**2 + 5*g + 3. Let m = 9 - -1. Let q be (-8 + 5)/((-6)/m). What is l(q)?
3
Let x(o) = -o**2 - 5*o - 3. Let i be x(-5). Let q(t) = 5*t + 9. Let a(j) = -j - 3. Let p(l) = 4*a(l) + q(l). Calculate p(i).
-6
Let s(f) = 2*f**3 - 17*f**2 + 25*f - 5. Let l(x) = 3*x**3 - 26*x**2 + 37*x - 8. Let i(c) = -5*l(c) + 7*s(c). Let y be i(10). Let o(q) = -3*q + 6. What is o(y)?
-9
Suppose -4*g - 5 = 5*a, -2*a = g + a + 3. Let h(b) be the second derivative of -b**5/20 + b**4/12 - b**3/6 + b**2/2 + 2*b. Give h(g).
1
Let y(n) = -n - 1. Let v(x) = 5*x**2 - 3*x - 3. Let m be v(-1). Give y(m).
-6
Let l(o) = 6*o**2 + 2*o**2 - o**2 - o**2 + o. Determine l(-1).
5
Let t(p) = -4 + 2*p - 6*p + 2*p. Suppose 8 = -3*h - 7. Calculate t(h).
6
Suppose 4*c + 5 = -4*w - 15, -3*w = 2*c + 15. Suppose 0 = s + 2*a + 2*a, 4*s - a = c. Let r(f) = s - 4 - 3*f + 2*f. Calculate r(-3).
-1
Let q(f) = 11*f**2 + 16*f + 12. Let b(z) = -7*z**2 - 11*z - 8. Let l(w) = -8*b(w) - 5*q(w). What is l(-6)?
-8
Let m = 21 - 15. Let y = m - 8. Let g(v) = -v**3 + 2 - v**2 + v + 0*v**3 - v**2. Give g(y).
0
Let u(s) = 7*s**2 + 11*s + 8. Let x(g) = -6*g**2 - 9*g - 7. Let j(r) = -5*u(r) - 6*x(r). Let f be (-1 - -2) + 3/1. Give j(f).
14
Let z = -3 + 5. Let f(c) = 5*c**2 - 4*c - 4 - 4*c**2 + 9 - z*c**2. Determine f(-5).
0
Let p(f) = 2*f**2 - 8*f. Let q(a) = a**2 - 7*a. Let c(r) = -2*p(r) + 3*q(r). Suppose 12 = 6*m - 2*m. Suppose 4*n = 4*i - 9*i - 15, 3*n = -i - m. Determine c(i).
6
Let o(u) = 2*u**3 + 19*u**2 + 37*u + 9. Let b be o(-7). Suppose 6 = 3*k - 4*h, k - h - 2 = 3*h. Let s(z) = -2*z + k + 4*z - z. Give s(b).
-3
Let t(x) = x**3 + 4*x**2 + 3*x + 2. Suppose 25 = -0*p + 5*p. Suppose f - 2 = -p. What is t(f)?
2
Let i(n) = -2*n**2 - 3*n - 145 + 141 - n. Determine i(-3).
-10
Let b(n) be the first derivative of n**4/4 + 4*n**3/3 + n**2 + 5*n - 3. What is b(-4)?
-3
Let s(t) = 3*t + 1. Let n(l) = 8*l + 3. Let u(r) = -4*n(r) + 11*s(r). Suppose 4*z + 7 + 5 = 0. Calculate u(z).
-4
Suppose -g + 0 + 2 = 0. Let m be -1*(2 + g)*1. Let h(q) = 3*q + 6. Give h(m).
-6
Let c(s) = -s**3 + 4*s**2 - 3*s + 1. Suppose -7 = -5*y + 3. Give c(y).
3
Let c(o) = 11*o**3 + 11*o**2 + 11*o - 6. Let m(y) = -2 - 2*y**2 - y**3 + 4*y + 6*y**2 + 9*y**3 - 4*y**3. Let n(b) = 3*c(b) - 8*m(b). Give n(-2).
-8
Let g(s) = -s**3 - 5*s**2 + 7. Let j(v) = v**3 - 5*v**2 + 4*v + 1. Let u = 2 - -1. Let t be j(u). Determine g(t).
7
Let g(j) = -1. Let m(t) = t - 6. Let u(p) = 6*p - 31. Let b(d) = -11*m(d) + 2*u(d). Let n(f) = b(f) + 3*g(f). Determine n(-6).
-5
Let s(l) be the second derivative of -l**3 - 1/2*l**2 + 0 - 3*l. Determine s(1).
-7
Suppose -6*s + s - 2*j + 6 = 0, 5*s + 9 = 3*j. Let f(c) = 1. Let v(x) = -x - 8. Let a(p) = 3*f(p) - v(p). Calculate a(s).
11
Let k be (2/4)/(1/2). Let f(y) = 3*y**3 + y**2 - 2*y + 1. Let u be f(k). Let v(l) = -2*l - 3. Let c(o) = -1. Let r(b) = -6*c(b) + v(b). What is r(u)?
-3
Let v(h) = 9*h**3 - 15*h**2 + 2*h + 13. Let w(j) = -5*j**3 + 8*j**2 - j - 7. Let u(m) = 4*v(m) + 7*w(m). Give u(4).
7
Let b(k) = k**2 - 6*k + 2. Let m be ((-15)/5)/((-1)/(-3)). Let v(w) = w + 14. Let c be v(m). Determine b(c).
-3
Let u(y) = y + 8. Let l be u(-10). Let x = -7 - l. Let k(z) = z**2 + 2*z. Give k(x).
15
Suppose 6*n = n - 25. Let m(r) = r - 2. Let k(a) = 8*a - 5. Let s(b) = -k(b) + 6*m(b). Determine s(n).
3
Let a(f) = 2*f + 2*f - 7*f. Let s be a(-1). Let m(q) = 0*q - 2 - q**3 + 0 + 5*q**2 - 3*q. What is m(s)?
7
Let c(s) be the third derivative of -s**6/120 + s**5/60 + 5*s**3/6 - 3*s**2. Calculate c(0).
5
Let f(p) = -9*p**2. Let h = 0 + 0. Suppose 0 = -4*i - h*i + 4. Calculate f(i).
-9
Let k(d) = 2*d**2 + d + 5. Let q be k(0). Let n(u) be the second derivative of u**5/20 - 5*u**4/12 - u**3/3 - u**2/2 + u. Calculate n(q).
-11
Let t(b) = b - 5. Suppose 4*g - 3*g = 2*c + 16, -28 = 4*c - 4*g. Let w be (-3)/c + (-70)/(-15). What is t(w)?
0
Let o(s) be the first derivative of -s**3/3 + 2*s**2 + 3*s - 1. Give o(3).
6
Let d(x) = 2*x - 2. Suppose 12 = -2*h - 2*z + 4, 11 = -2*h - 5*z. Let u = h + 1. Determine d(u).
-6
Let h be (-4)/14 - (-40)/(-7). Let i(z) be the second derivative of z**3/6 + 3*z**2/2 - z + 3. Calculate i(h).
-3
Let h(u) be the third derivative of u**6/120 + 2*u**5/15 + 5*u**4/24 - 4*u**3/3 + 10*u**2. Determine h(-7).
6
Suppose 0 = 4*w - 16. Let o(h) = -h**2 + 3*h - 3. Determine o(w).
-7
Suppose 2*f - f = 4. Suppose 4*m - 4*t = -t - 4, -4*t + f = -4*m. Let p(q) be the third derivative of q**5/20 - q**3/6 - q**2. What is p(m)?
2
Suppose 4*m + 4*h + 6 = 18, 2*h = -5*m + 27. Let p(y) = -y**3 + 8*y**2 - 6*y + 3. What is p(m)?
10
Suppose 4 - 13 = -3*q. Let h(s) = -s**3 + 4*s**2 - 3*s + 3. Calculate h(q).
3
Suppose 4*m - 1 = 3*